of h(d).
2
Let k(n) = n**3 - n + 1. Suppose 8 = 4*v - 0. Let u be k(v). Suppose -f + o + 5 = 0, o = -4*f + 3 + u. List the prime factors of f.
3
Suppose 0 = -5*x + 10. Let j(v) = -3 - 3 - v**2 + 8*v - x*v. What are the prime factors of j(4)?
2
Let b(t) = t**3 + 2*t**2 - 3*t + 4. Let f = 5 + -1. Suppose 3*p - 7 = -2*m - 28, -3*p - 27 = f*m. List the prime factors of b(m).
2
Suppose 0 - 14 = 2*j. Let t(z) = z**2 + 5*z - 5. What are the prime factors of t(j)?
3
Suppose 2*s = 5*b - 27, -5*b + 1 = 2*s - 2. What are the prime factors of (-2 + -16)/(s/4)?
2, 3
Let d(f) be the first derivative of f**4/4 + 3*f**3 + 7*f**2/2 + 3*f + 1. Let s(b) = 7*b - 1. Let o be s(-1). What are the prime factors of d(o)?
11
Let m be (-1)/3 - (-20)/6. Suppose -m*y = -3 - 3. Suppose h - y - 7 = 0. What are the prime factors of h?
3
Let i = 16 - 9. Let a(g) = 3*g + 15. What are the prime factors of a(i)?
2, 3
Suppose -l - 6 = -4*a + 4, 16 = 2*l + 4*a. Suppose 0 = f + l*f, -4*f = -2*d + 72. List the prime factors of d.
2, 3
Suppose 3 = 2*j - 3*j. Let c be 2 + (-44)/j*3. Suppose -5*w + 3*z = -c, 5*w - 66 = 4*z - 23. List the prime factors of w.
11
Let g(w) = 3*w - 8. What are the prime factors of g(6)?
2, 5
Suppose -2*u = -5*k - 21, 3*u = 5*k - 1 + 25. Let l(p) = -p**2 - 4*p + 6. Let w be l(-6). Let z = u - w. What are the prime factors of z?
3
Let j(w) = w**3 - 4*w**2 - 3*w - 6. Suppose -4*d = -4*a + 28, 2*a - 5*d - 22 = -d. Suppose -10 = p - a*p. What are the prime factors of j(p)?
2
What are the prime factors of 9*(-2)/(-2) - 4?
5
Suppose -1771 = -10*d - d. What are the prime factors of d?
7, 23
Let h(t) = t**3 - 3*t**2 + 3 - t**2 - 5*t + 1. List the prime factors of h(5).
2
Suppose x + 135 = 6*x. List the prime factors of x.
3
Suppose -3*p + 17 = 2*x - 81, -31 = -p - x. What are the prime factors of p?
2, 3
List the prime factors of 66/2 + (-2)/2.
2
Let d be ((-10)/(-6))/((-3)/(-18)). Let y = -6 + d. Suppose 35 = x + y*x. List the prime factors of x.
7
Let g be 1*5/(10/(-12)). Let s(w) = 16*w**2 + 29*w + 35. Let u(i) = -3*i**2 - 6*i - 7. Let m(h) = 2*s(h) + 11*u(h). List the prime factors of m(g).
5
Let z(v) = 2*v**2 + 2*v - 2. Let r be z(-2). Let s be 14*2/8*r. Let i = s + -4. What are the prime factors of i?
3
Suppose 5 = -2*d + 3*d. Suppose 4*n - d*u + 185 = -n, u - 181 = 5*n. Let c = n - -52. What are the prime factors of c?
2
Suppose 3*b - 4 - 2 = 0. Let r be (-2 + -1 + b)*-2. List the prime factors of r/5 - (-66)/10.
7
Suppose 3*r + 0*r = 9. Suppose 2*t + b - 3*b - 36 = 0, -r*t + 54 = 5*b. List the prime factors of t.
2, 3
What are the prime factors of (-2 + 6)/(-1)*(-550)/40?
5, 11
Let h = 9 - 5. Suppose 2*k + h - 14 = 0. Suppose 2*l - 12 = -2*y, -l - k = -2*y + 19. List the prime factors of y.
2, 5
Suppose 0 = k - 3. Suppose -3*y = -k - 3. List the prime factors of y.
2
Let h = -166 + 340. What are the prime factors of h?
2, 3, 29
Let o(f) be the second derivative of -f**4/12 - 4*f**3/3 - 7*f**2/2 - 3*f. Let x be o(-5). Let b = -3 + x. List the prime factors of b.
5
Suppose -5*q + 105 = -4*b, -2*q + b = 2*q - 95. Let s = q + -14. What are the prime factors of s?
11
List the prime factors of 223/3 + ((-2)/6 - 0).
2, 37
Suppose 2*q - 35 - 5 = 0. Let i = 19 + q. What are the prime factors of i?
3, 13
Suppose 3*r + 17 = 4*k, 3*r + 0*r = -4*k - 25. Let c be (r + -1)/(10/(-25)). Suppose 40 = 4*p - c. What are the prime factors of p?
3, 5
Suppose 4*q = q + 5*d + 114, 4*q + 4*d - 152 = 0. What are the prime factors of q?
2, 19
Let k(m) = 98*m**2 - 3*m + 6. What are the prime factors of k(2)?
2, 7
Let m(c) = 3*c**3. Let h be m(-1). Let p = h - -22. List the prime factors of p.
19
Let w(i) = i**3 - 3*i**2 - 6*i + 9. Let y be w(4). What are the prime factors of -1 - (-3 - 1)*y?
3
Suppose -4*b + 349 + 451 = 0. List the prime factors of b.
2, 5
What are the prime factors of (16/(-32))/(2/(-1592))?
2, 199
Let z(u) = -7*u**3 - 2*u - 3. Let x be z(-2). Let w = x - 13. What are the prime factors of w?
2, 11
Let y(k) = 2*k**2 + 4*k. List the prime factors of y(-4).
2
Let j be (-2 + 2 + 1)*3. Suppose w = -j*w + 8. Suppose 3*n - f = 8, 3*f + w*f + 8 = -n. List the prime factors of n.
2
Let n = -5 - -14. What are the prime factors of n?
3
Let t(b) = -b**2 - 7*b + 3. Let k(j) = 2*j - 5. Let i be k(4). Let v = i - 8. List the prime factors of t(v).
13
Let a = -13 - -18. Let v(l) = l**2 + l + 2. Let o be v(a). Let d = -19 + o. List the prime factors of d.
13
What are the prime factors of -4*(350/(-4) - 6)?
2, 11, 17
List the prime factors of 4/((-25)/27 + 1).
2, 3
Let b(m) = m + 3. Let f be b(6). Let o(s) = s + 13. What are the prime factors of o(f)?
2, 11
Let s(z) = 34*z + 21. List the prime factors of s(6).
3, 5
What are the prime factors of 3/(-6*3/(-1068))?
2, 89
Let y be 0*(-2)/(-4) + 5. What are the prime factors of 2 + 2*-2 + y?
3
Let p(j) = 6*j**2 - 2*j + 39. What are the prime factors of p(-7)?
347
Let f(v) = 5*v - 6. Let q(w) = -w**3 + 6*w**2 + 8*w - 2. Let u = 16 - 9. Let z be q(u). List the prime factors of f(z).
19
Suppose 5*q = -l + 183, -4*l + 0*l = -q + 24. What are the prime factors of q?
2, 3
Let k(m) = m**3 - 6*m**2 + 4*m + 2. Let l be k(5). Let n be (-38)/(1/(-3)*l). List the prime factors of 2/(-1 + n/(-34)).
17
Let z = -224 + 338. List the prime factors of z.
2, 3, 19
Suppose 3*d - 70 = -2*k - 0*k, 0 = -5*k - 3*d + 184. List the prime factors of k.
2, 19
Let j(z) = 4*z**2 + 3*z + 5. Let c(n) = -n**2 - 1. Let t be 1 + 8/6*3. Let k(p) = t*c(p) + j(p). List the prime factors of k(2).
2
Suppose -5*y - 6 - 4 = 0, 3*y + 11 = p. Suppose p*z = 3*r - 5*r + 29, -3*r - 4*z + 26 = 0. What are the prime factors of r?
2
What are the prime factors of (-2 - (-14)/5)*(-225)/(-6)?
2, 3, 5
Let l = 4 + 0. Let i = 16 + l. List the prime factors of i.
2, 5
Suppose 5 - 2 = 3*j. Let s = j + 2. List the prime factors of s.
3
Suppose -1136 = -7*c - 338. What are the prime factors of c?
2, 3, 19
Let l = 55 - 21. What are the prime factors of l?
2, 17
Suppose -483 = -16*a + 877. List the prime factors of a.
5, 17
Let o(j) = 3*j**2 + 61*j + 17. What are the prime factors of o(-24)?
281
Let a(g) = -9 + 6*g + g**2 - g**2 + 3*g**3 - 4*g**3 - 7*g**2. What are the prime factors of a(-8)?
7
Let u(m) = -m**2 - 4*m + 7. Suppose -8*f - 20 = -4*f. Let w be u(f). What are the prime factors of (-2)/3*(-33)/w?
11
Suppose -3*h - 3*d = -93, 2*h - d - 4*d = 27. Let l = -20 + h. What are the prime factors of l?
2, 3
Let k = -1 + 5. Let g be k/(-2) + 4 - 0. Let f = g - -5. List the prime factors of f.
7
Let h = -17 - -5. Let l be (-1)/2 + (-43)/(-2). Let v = h + l. List the prime factors of v.
3
Suppose 0 = -x + 4 - 1. Let y(m) = 13*m - 5. List the prime factors of y(x).
2, 17
Suppose 0 = w - 3 - 2. Let n be (-47)/(-5) - 2/w. List the prime factors of n + 1 - 1*2.
2
Let j = 1 + 1. Suppose -c - 34 + j = -o, c = -2. List the prime factors of o.
2, 3, 5
Suppose -4*n - 4*s + 136 = 0, -4*n + 79 = 5*s - 58. What are the prime factors of n?
3, 11
What are the prime factors of (1 - 0)*(-900)/(-9)?
2, 5
Suppose 0 = -5*y - 3*c + 21, 2*c + c + 3 = -y. Let h = 17 + y. List the prime factors of h.
23
Suppose 7*w - 2*w - 32 = 4*i, 4*i = -12. Suppose -d = -1 - w. What are the prime factors of d?
5
Let x(g) = -g - 6. Let r be x(-6). Let s be (-12)/(-5)*(-20)/(-6). Suppose w = -r*w + s. List the prime factors of w.
2
Suppose 4*d - d - 37 = -4*v, 25 = -5*d. What are the prime factors of v?
13
Suppose 3*a = -4*j + 704, -700 = -6*j + 2*j - 4*a. List the prime factors of j.
179
Let j(u) = -u**2 + 12*u + 10. Let k(s) = 11*s**2 - 1. Let i be k(-1). What are the prime factors of j(i)?
2, 3, 5
List the prime factors of (-24)/36 - 142/(-6).
23
Suppose -5*g = -8*g + 96. List the prime factors of g.
2
Suppose -3*t + 7 = -2. What are the prime factors of t/(-1) - (-28)/2?
11
Let h be (-4)/(-12) - (-4)/6. List the prime factors of (h - (-45)/(-6))*-2.
13
What are the prime factors of 264 - 2/(0 + 2)?
263
Suppose 4 = g + 2. Suppose -b + 14 = -g*o, 0 = -4*o - 7 - 9. What are the prime factors of b?
2, 3
Let o(p) = 7*p - 7. Let x(h) = 3*h - 3. Let m(t) = -6*o(t) + 15*x(t). Suppose 2*v = 4*v - 10. What are the prime factors of m(v)?
2, 3
Let m = -34 + 62. Suppose -3*y = 2*y - 4*c - m, -4*c = -3*y + 12. List the prime factors of (-356)/(-